
2, 23, 293
Suppose 5*t - 9675 - 17975 = 0. Suppose -7*c + t = 3*c. List the prime factors of c.
7, 79
Suppose 4*x - 2*x + 64 = -4*p, 5*x = -p - 205. Let f be (-4 + x/(-9))*(-27)/(-1). Let d(o) = -o**2 + 23*o - 20. List the prime factors of d(f).
2, 5, 7
Let p = 76 - 77. Let u(b) = -b + 1. Let r(k) = k**2 + 17*k + 2. Let n(l) = p*r(l) - 2*u(l). List the prime factors of n(-8).
2, 13
Let b(r) = -30 + 5*r - 2*r**3 + 55*r**2 - 83*r**2 + 55*r**2. List the prime factors of b(12).
2, 3, 7, 11
Let k be (1/2)/((-10)/500). Let q be (-5)/(k/26) + 1/(-5). Suppose -q*o = -1030 + 160. What are the prime factors of o?
2, 3, 29
Let i(n) = 32 + 114 + 61 + 33 - 3*n - 14*n. What are the prime factors of i(-47)?
1039
Let h(l) = -15*l + 56. Let f be h(9). Let t = 71 + f. Let n = 2 - t. List the prime factors of n.
2, 5
Let q = -133 + 241. Let k = q + -103. Suppose k*t + 268 = 4*b + 63, 175 = 4*b + t. What are the prime factors of b?
3, 5
Let z be (-1 + (-91)/(-21))/(2/3). Let k be -15*(z - (-81)/(-15)). Suppose -280 = -k*l + 1076. What are the prime factors of l?
2, 113
Suppose 4*v + 60*h - 2 = 61*h, 5*h + 10 = 0. What are the prime factors of (v - -802)*(1 + 0)?
2, 401
Suppose -5*o = z + 39, -z + 7*o - 4*o = -1. Let u(w) = w**3 + 15*w**2 + 12*w - 7. Let f be u(z). List the prime factors of 1162/4*12/f.
2, 83
Let u be 0 + (-3 - -2) + 1. Let q(g) = u*g + g**2 - 3*g + g + g. List the prime factors of q(7).
2, 3, 7
Suppose -i - 4*w = -10824 + 910, 4*w = 20. What are the prime factors of i?
2, 3, 17, 97
Let a(j) = j - 1. Let t(u) = 2*u**2 - 37*u + 1. Let i(w) = 4*a(w) + t(w). Let f be (-39)/(-2) - 72/48. List the prime factors of i(f).
3, 17
Let d(o) = 4*o**3 - 48*o + 43*o + 2 - 2*o**2 - 3*o**2. Let u(x) = 5*x**3 - 6*x**2 - 6*x + 2. Let h(r) = 3*d(r) - 2*u(r). What are the prime factors of h(3)?
2, 5
Suppose 26*c - 36*c + 9610 = 0. Suppose -l = -4*p + 35 + c, 498 = 2*p - 4*l. What are the prime factors of p?
3, 83
Let j(o) = 8*o**3 - 14*o**2 + 178*o - 69. List the prime factors of j(16).
31963
Suppose -2*v = -5*m + 687, -m + 120 + 20 = -3*v. Suppose 8*i - 3*i - 10 = 0. Suppose i*x + 15 = m. What are the prime factors of x?
61
Let u(n) = -n**3 + 76*n**2 + 419*n + 64. What are the prime factors of u(80)?
2, 499
Let y(h) = 529*h - 4. Let f be 2/((32/(-72))/((-4)/18)). List the prime factors of y(f).
3, 5, 7
Let j = 13 + -6. Let q(o) = -o - 40 - 2*o + 11*o + 103 - o**2 - 55. List the prime factors of q(j).
3, 5
Suppose -3029470 = -101*d + 640*d - 12175761. List the prime factors of d.
71, 239
Suppose -31495 = 26*l - 331483. List the prime factors of l.
2, 3, 641
Let w be 9 - ((9 - -2) + -4). Suppose 180 = 4*y - 308. Suppose -113 = -w*s + 4*m + 9, -m + y = 2*s. List the prime factors of s.
61
Let a(t) = -334*t**2 - 4. Let m(y) = 167*y**2 + 2. Let d(r) = 6*a(r) + 13*m(r). What are the prime factors of d(-1)?
13
Suppose 3*y = -2*g - 5, 0 = -6*y + 4*y - 10. Let a be 4*g - ((-3)/(-1) - 7). Suppose -1029 = 17*b - a*b. What are the prime factors of b?
3, 7
Let b = 172 - 157. What are the prime factors of 492/b + (-6)/(-5)?
2, 17
Let i(x) = -x**3 + 5*x**2 + 2*x + 2. Let f be i(6). Let k = f + 29. List the prime factors of 2656/36 - (-1 + k/9).
2, 37
Suppose 5*k - i = -22, 0*k - 2*i = k + 11. Let x = k + 29. Suppose 4*z + 4*d = 100, -z = -2*z - 2*d + x. What are the prime factors of z?
2, 13
What are the prime factors of -1 - ((-55209)/(0 + 7) + 2)?
2, 3, 73
Suppose -3*l - 63995 = 2*u - 7*u, 4*u = -3*l + 51196. List the prime factors of u.
12799
Let a(r) = 3*r - 15. Let o be a(10). Suppose 3*l + 4*i = -o, 5*l + 36 = -i - 2*i. Let k(u) = -10*u - 17. List the prime factors of k(l).
73
Let v(n) = 0*n**2 - 3*n - 6*n**2 - 18 + 7*n**2 + 4. Let p be v(6). Suppose -20 = p*t, 4*l = 2*t + 3*t + 525. List the prime factors of l.
5
Suppose t + 19789 = 2*o, -5*o = -63*t + 60*t - 49475. List the prime factors of o.
2, 2473
Suppose -5*j + 3*j + 21340 = 12*v, -3*j - 12 = 0. What are the prime factors of v?
3, 593
Suppose 4128 = -7*s - 723. List the prime factors of 1/(s/(-173) + (-2 - 2)).
173
Let y = 4230 + -3793. List the prime factors of y.
19, 23
Suppose 263*x + 161*x = 2617758 + 3486994. What are the prime factors of x?
2, 23, 313
Suppose -1899 = 5*v + 2*t, -3*v = -4*t + 843 + 286. Let z = 691 + v. What are the prime factors of z?
2, 3, 13
Let d be -4*(-9)/5 - (-13)/(-65). Suppose d*h - 905 = 313. What are the prime factors of h?
2, 3, 29
Suppose 5*z - 22309 = -3*l, 7*l - 14871 = 5*l - 3*z. List the prime factors of l.
2, 3, 619
Let i be 2 - ((-15)/(-20) - 340/(-16)). List the prime factors of (-187)/(3 + i/6).
3, 11, 17
Suppose 0*z + 2*z - 3*q + 84 = 0, 5*z = -4*q - 233. List the prime factors of 18/z*-35*122.
2, 7, 61
Let a(r) be the second derivative of -r**5/20 + 17*r**4/12 + 3*r**3 - 10*r**2 + 6*r. Let v be a(18). List the prime factors of 576/10 - v/50.
2, 29
Suppose -20*i - 552 = -17*i. Let g = i + 355. Let z = g - -25. List the prime factors of z.
2, 7
What are the prime factors of (-7 + 7 + -11)*-638?
2, 11, 29
Let y be (-145)/(-29) - 47*1. What are the prime factors of 1170*(4 + y/12)?
3, 5, 13
Let r be (-660)/(-198)*(-36)/(-10). Let h(x) = 1 + 6*x**3 + 16*x - 13*x**2 - 5*x**3 - 30. What are the prime factors of h(r)?
19
Let y(v) be the first derivative of -v**2/2 + 35*v + 11. Let x be y(16). List the prime factors of 2*1*(22 + x).
2, 41
Let i = 32552 + -19524. What are the prime factors of i?
2, 3257
Suppose 0 = -v + 7 - 10, k + 5*v - 19282 = 0. What are the prime factors of k?
23, 839
Let f(o) = 10*o**2 - 32*o + 6. Let x be f(8). Let l = x + -198. List the prime factors of l.
2, 3
Suppose 0 = -5*p - 28*x + 29*x + 9, x - 1 = -5*p. What are the prime factors of -1*(p - (450 + 3))?
2, 113
Suppose 3*b - 46 + 295 = 0. Let x = 197 + b. What are the prime factors of x?
2, 3, 19
Suppose -6*r + 4422 = -4*r + 4*c, -3*c - 2211 = -r. Suppose -2199 = 10*o - 13*o + 2*w, r = 3*o + 2*w. List the prime factors of o.
3, 5, 7
Suppose -281 = 4*p - 349. Let m(x) = x**3 - 9*x**2 - 40*x + 1. What are the prime factors of m(p)?
23, 71
Let i(w) = -w**2 - 5*w. Let u be i(-5). Suppose u = -3*n - 1 + 7. Suppose -4*d + 42 = -n*d. What are the prime factors of d?
3, 7
Let c be (146/(-3))/((-10)/30). Suppose -y + c = 99. List the prime factors of y.
47
Let c = 1320 + 7. Suppose -c = -9*o + 3992. List the prime factors of o.
3, 197
Suppose -19*m = -1923 + 246 - 5049. List the prime factors of m.
2, 3, 59
Let g(y) = 21*y**3 + 8*y**2 - 31*y + 61. What are the prime factors of g(6)?
37, 127
Suppose -89*v = -64*v - 355800. List the prime factors of v.
2, 3, 593
Suppose 2*w - 2*q = w, -3*q + 7 = 2*w. Suppose 111*b = 78*b. Suppose b = -w*g - g + 597. List the prime factors of g.
199
Let r be 98/((-810)/99 - -8). Let n = 194 - r. What are the prime factors of n?
733
Suppose 2*w = l + 2, l + 2*l = -4*w + 14. Suppose z - l*z = -352. Let c = -235 + z. List the prime factors of c.
3, 13
Suppose 116*x - 29300 = 106*x. What are the prime factors of x?
2, 5, 293
Let f(o) = 4*o**2 - 48*o - 8. Let p(j) = -34*j - 112. Let z be p(-4). List the prime factors of f(z).
2, 11, 13
Suppose -4*d + 6*b = 2*b - 2160, -3*d + 1600 = 2*b. Suppose -4*n - 3*h + 708 = -0*n, -h = 3*n - d. Suppose -n = -m - 3*m. What are the prime factors of m?
3, 5
Suppose 2*l - 20710 = 4*z, -4*z + 4035 = 5*l - 47754. What are the prime factors of l?
10357
Suppose -l = -5*l - o + 19, -3*l + 13 = 2*o. Let i(g) = 7*g + 3. Let a be i(l). Suppose 2*h + 4*c = 56, -5*h - 3*c + a = -109. What are the prime factors of h?
2, 3, 5
What are the prime factors of -6 - 1 - (-19 - 51624/24)?
3, 7, 103
Let z = -101 + 334. Suppose 0 = 2*j + 8 - 324. Let a = z - j. What are the prime factors of a?
3, 5
Suppose -90*i + 67575 = -152*i + 79*i. List the prime factors of i.
3, 5, 53
Let y(o) = 11*o**2 - 3*o + 4. Let t be y(1). Let n be 90/t*(-3 + 1). List the prime factors of (30/n)/((-1)/46).
2, 23
Let y(n) = -206*n**2 + 20*n - 28. Let o be y(13). List the prime factors of o/(-34) - (-1)/(153/(-18)).
3, 113
Suppose r - 8 = 89. Let o = r - 219. What are the prime factors of -1 + 9/((-9)/o)?
11
Let k be (1 - 7/5)/((-1)/5). Let b(p) = -8*p + 14*p - 5 + 3*p**k - 4. List the prime factors of b(-6).
3, 7
Suppose -96*d + 201*d = 1213782 + 273333. List the prime factors of d.
3, 4721
